 by y.
7
Let v(u) = 11*u - 6. What is the remainder when v(7) is divided by 0/(-2) + 240/10?
23
Let i(w) = -2 - 3*w**2 - 2*w**2 + 0 + 10*w + 4*w**2. What is the remainder when 36 is divided by i(7)?
17
Let z(r) = r**3 + 14*r**2 - r + 3. What is the remainder when 66 is divided by z(-14)?
15
Let d(u) = 12*u**2 - 1. What is the remainder when d(-1) is divided by 7?
4
Suppose -f - f = -10. Suppose 0 = -2*j + 10, j + 25 = 3*y - 3*j. What is the remainder when (y/(-4))/5*-12 is divided by f?
4
Suppose 0 = -0*q + 3*q - 9. Let l(g) = 3*g - g + 3 + 1 - g. Calculate the remainder when l(q) is divided by 5.
2
Let j(o) = -o**3 - 9*o**2 - 14*o - 2. Let p be j(-7). Suppose 8 = -2*x - 4. Calculate the remainder when (1 + p)*(x - 1) is divided by 3.
1
Let m = -4 + 18. Suppose -4*r = 3*s - 75, -s = 4*r - 3*s - 70. Let p = m + r. Calculate the remainder when p is divided by 11.
10
Suppose -3 = j - 0. Let x(q) = -q**2 - 4*q - 1. Let b be x(j). Let w = b + 0. Calculate the remainder when 4 is divided by w.
0
Suppose 2*l - 6*l = -12. Suppose 0 = 4*g - 0*p + 2*p - 66, 51 = l*g + 2*p. What is the remainder when 27 is divided by g?
12
Suppose -5*i = -3*n - 1 + 51, 0 = 4*i - 8. Let w(f) = -7*f - 4. Calculate the remainder when w(-6) is divided by n.
18
Suppose 0 = -5*i - 7 - 3. What is the remainder when ((-3)/(-2))/(i/(-52)) is divided by 10?
9
Suppose -2*s + s + 14 = 0. Let f = s - -1. Let w = -4 + f. Calculate the remainder when 31 is divided by w.
9
Let b(l) = -23*l**3 - 2*l**2 + l + 2. Calculate the remainder when b(-1) is divided by 6.
4
Suppose -4*t + 16 = -2*t. What is the remainder when 29 is divided by (-168)/(-27) - t/36?
5
Let v(d) = -d**3 - 8*d**2 - 7*d. Let c be v(-7). Suppose -m + 1 = -c. What is the remainder when 3 is divided by m?
0
Let z = -9 + 16. Calculate the remainder when 26 is divided by z.
5
Let p = -2 - -4. What is the remainder when (-2)/p + -4 + 14 is divided by 4?
1
Suppose 0*o = -3*o + 78. Suppose 3*x + x - o = -2*h, 2*h = 4*x + 34. Calculate the remainder when 58 is divided by h.
13
Suppose 3*s = -0*s + 9, -2*y + 19 = s. Let r(k) = k**2 - 2*k + 11. Calculate the remainder when r(y) is divided by 12.
11
Suppose -3*o + 0*q + 60 = 2*q, 0 = o - 3*q - 20. What is the remainder when 56 is divided by o?
16
Suppose c - 2*t = 17, 1 = -c - t + 30. What is the remainder when c is divided by 2?
1
Let a(n) = 108*n. Let j be a(2). Suppose -j = -d - 2*d. Suppose h + 2*h = d. What is the remainder when h is divided by 13?
11
Suppose 5*l = -3*t + 73, -t = 2*l - 5*t - 50. Calculate the remainder when l is divided by 9.
8
Let s = 8 - 6. Let v(x) = x + 3. Let p be v(-3). Suppose -4*l + 4 = -p*l. What is the remainder when s is divided by l?
0
Let w(v) = -8*v - 6. What is the remainder when w(-7) is divided by 13?
11
Let d = 112 - -17. Suppose d = 4*u - u. Suppose -3*w = -4*j + 63, -4*w = 5*j - 34 - 37. What is the remainder when u is divided by j?
13
Let c(x) = x**3 - 6*x**2 + x - 6. Let f be c(6). What is the remainder when 6 is divided by 1 + 0 + f + 1?
0
Suppose 4*l - 9 = -1. Let m(v) = v**2 + 28*v + 207. Calculate the remainder when (-5 + l)/(6/(-64)) is divided by m(-14).
10
Suppose l - 6*l + 20 = 0. Suppose 0 = -l*n + n + 6. Suppose 4 = -4*j, -3*j = n*a - 7*j - 14. Calculate the remainder when 13 is divided by a.
3
Suppose y + 108 = 5*i, 4*i - y + 18 = 104. Let b(w) = w**2 - 2*w + 6. What is the remainder when b(10) is divided by i?
20
Suppose -12*h = -7*h - 75. What is the remainder when 57 is divided by h?
12
Let m = 35 - 12. What is the remainder when m is divided by 13?
10
Let c = -5 - -22. Suppose -27 = 4*q + 69. Let x = 34 + q. What is the remainder when c is divided by x?
7
Let a(i) = 2*i**2 + 4*i - 3. Suppose 5*t = 4*x + 177, 1 + 2 = -x. Let h = 71 - t. What is the remainder when h is divided by a(2)?
12
Let j be 2/(-8) + 39/12. Suppose -j*b = b - 12. What is the remainder when 13 is divided by b?
1
Suppose q - 2 = -4*p + 71, 3*q = 5*p - 70. Calculate the remainder when 45 is divided by p.
11
Let b(f) = -4*f**3 + 4*f - 4. Let n(h) = h**3 + h**2 - h + 1. Let d(a) = b(a) + 5*n(a). Calculate the remainder when 10 is divided by d(-5).
4
Let i be 5*(-1*5 + 2). Suppose -w + 4 = -3*w, 0 = -3*l + 3*w - 9. What is the remainder when 16 is divided by (6/l)/(3/i)?
4
Suppose -2*s + 102 = s. Let n = -10 + s. What is the remainder when n is divided by 9?
6
Suppose o + 120 = 5*o. Suppose 0 = -32*k + 28*k + 468. What is the remainder when k is divided by o?
27
Let l(h) = -48*h. Let v(t) = -7*t. Let o(d) = 4*l(d) - 27*v(d). Calculate the remainder when o(-2) is divided by 4.
2
Let a be 54 + ((-3)/3)/(-1). Let y = a - 31. Calculate the remainder when 22 is divided by (y/18)/(4/18).
4
Let i = -20 - -11. Let r = 60 + -39. Let f = i + r. Calculate the remainder when 22 is divided by f.
10
Suppose 5*h + 98 = 18. Let c = h - -29. What is the remainder when (-2)/(-3) + (-435)/(-9) is divided by c?
10
Suppose -11*b + 13*b = 12. What is the remainder when 15 is divided by b?
3
Let d = -5 + -2. Suppose 0*r + 45 = 3*r. Let t = r - d. What is the remainder when t is divided by 12?
10
Suppose -4*t - 36 = -0*t. Let m = t - -24. Calculate the remainder when 3*26/3 + (-6 - -7) is divided by m.
12
Let n(w) = w**2 + w + 2. Let h be 4*((-5)/(-2) - 0). What is the remainder when n(0) is divided by h - 11 - (-1 + -1)?
0
Suppose 89 = 4*b + 5*o, 5*b = 5*o + 90 + 10. Suppose 0 = -l - l + 22. What is the remainder when b is divided by l?
10
Let x = -1 - -1. Suppose 1 + x = j. What is the remainder when j/(1/(-7)*-1) is divided by 3?
1
Calculate the remainder when ((-7)/(-4))/(2/8) is divided by (-2)/8*(-5 + 7)*-8.
3
Let u = -3 - -4. Let b(d) = -5 + 5*d - 5 + u. Calculate the remainder when 62 is divided by b(6).
20
Let a = -25 + 63. Suppose g - a - 65 = 0. What is the remainder when g is divided by 26?
25
Suppose -4*u - 4 = 5*r - 0*u, 2*u + 2 = -4*r. Suppose -5*a + r*f - f = -35, -3*f = 0. Let p = -11 - -24. Calculate the remainder when p is divided by a.
6
Suppose 3*o = 3*s + 51, 35 + 26 = 5*o + 3*s. What is the remainder when 69 is divided by o?
13
Let w = -94 - -99. Suppose 28 = 5*x + 3. Suppose -y = -x*o + 7 - 0, 5*y - 5*o - 45 = 0. Calculate the remainder when y is divided by w.
3
Let a = 78 - 62. What is the remainder when a is divided by 16?
0
Let d(a) = 6*a**3 - 2*a**2 + a. Calculate the remainder when (-5 - (-68)/16)*-12 is divided by d(1).
4
Let u(x) = -x**3 - x**2 - 8*x + 5. What is the remainder when u(-4) is divided by 44?
41
Let d(c) = -c**3 - 7*c**2 + 5*c. What is the remainder when 70 is divided by d(-8)?
22
Suppose -4 = -2*w + 2. Let g(m) = m**2 + 2*m - 5. Let d be g(-4). Suppose d*c = -w*s + 48, -3*c + 5*c = -8. Calculate the remainder when 59 is divided by s.
19
Let d = 147 - 62. Suppose -d = -4*f - 17. Calculate the remainder when 33 is divided by f.
16
Let q = 0 + 3. Suppose q = -i, -4*t - 4*i + 65 + 79 = 0. Calculate the remainder when t is divided by 10.
9
Suppose -5*m + 137 = 2*f + 7, -f + 66 = 2*m. Calculate the remainder when f is divided by 18.
16
Let p(c) = -4*c - 7. Let w be p(-11). Suppose 3 = -2*l + w. Calculate the remainder when l is divided by 6.
5
Suppose 3*m = 3*l + 5 - 14, 5*l + 3*m - 7 = 0. What is the remainder when 61 is divided by ((-144)/(-27))/(l/6)?
13
Calculate the remainder when 28 is divided by (6*2)/1 + -15 + 18.
13
Suppose f = -4*w + 307 - 72, -f = -3*w + 178. Calculate the remainder when w is divided by 31.
28
Let x(n) = 7*n + 4. Suppose -a = 4, -6*z + a = -2*z + 16. Let t(c) = c**3 + 6*c**2 + 2*c + 2. What is the remainder when x(4) is divided by t(z)?
15
Suppose -4*w = -10*w + 312. Calculate the remainder when w is divided by 30.
22
Let h(g) be the third derivative of g**6/120 - 3*g**5/20 + g**4/8 + g**3/3 - 4*g**2. What is the remainder when h(9) is divided by 8?
5
Suppose -1 = 2*d - 5. Suppose -31 = -d*p + 3. What is the remainder when p is divided by 10?
7
Suppose c = 6*l - l - 24, -l + 10 = 5*c. What is the remainder when l is divided by 10/3 + (-2)/6?
2
Let p be 1 + (-3)/((-12)/8). Suppose p*t - 143 = -32. Calculate the remainder when t is divided by 10.
7
What is the remainder when 29 is divided by 15/((-10)/(-2)) - (-2 + 0)?
4
Let m(g) be the third derivative of g**5/60 - g**4/8 - g**2. Suppose -p = -6 - 8. What is the 